{"id":23,"date":"2011-12-16T14:59:19","date_gmt":"2011-12-16T14:59:19","guid":{"rendered":"http:\/\/localhost\/wordpress\/?page_id=23"},"modified":"2012-05-23T14:22:27","modified_gmt":"2012-05-23T14:22:27","slug":"obiettivi","status":"publish","type":"page","link":"https:\/\/accountabilityambiente.comune.re.it\/?page_id=23","title":{"rendered":"Obiettivi"},"content":{"rendered":"<h2><span style=\"color: #000080;\">Obiettivi<\/span><\/h2>\n<h6><span style=\"color: #ffffff;\">&#8211;<\/span><\/h6>\n<p>Obiettivi del Gruppo di Lavoro per la Contabilit\u00e0 Ambientale:<\/p>\n<ul>\n<li>Sviluppare buone pratiche italiane in coerenza e a supporto delle politiche europee e internazionali in tema di accountability e contabilit\u00e0 ambientale negli EELL<\/li>\n<li>Creare una rete per lo scambio di conoscenze sull\u2019accountability e sulla contabilit\u00e0 ambientale.<\/li>\n<li>Mettere in rete gli EELL al fine di allinearsi e integrarsi con le esperienze pi\u00f9 avanzate a livello internazionale e nazionale, sia a livello tecnico scientifico che applicativo<\/li>\n<li>Estendere le esperienze volontarie di rendicontazione e di contabilit\u00e0 ambientale degli EELL italiani e consolidare le esperienze negli enti locali che hanno gi\u00e0 realizzato Bilancio Ambientali o pi\u00f9 in generale sistemi di accountability ambientale, favorendo la adozione di normative nazionali e regionali;<\/li>\n<li>Aggiornare gli schemi di contabilizzazione e rendicontazione alla luce dell\u2019esperienze operative realizzate ed sulla base della necessit\u00e0 di rendicontazione di aspetti di particolare rilevanza nelle politiche europee e nazionali (es. Kyoto, Patto dei Sindaci , GPP, rifiuti , comunicazione risparmio risorse, ecc.)<\/li>\n<\/ul>\n","protected":false},"excerpt":{"rendered":"<p>Obiettivi &#8211; Obiettivi del Gruppo di Lavoro per la Contabilit\u00e0 Ambientale: Sviluppare buone pratiche italiane in coerenza e a supporto delle politiche europee e internazionali in tema di accountability e contabilit\u00e0 ambientale negli EELL Creare una rete per lo scambio di conoscenze sull\u2019accountability e sulla contabilit\u00e0 ambientale. Mettere in rete gli EELL al fine di &hellip; <a href=\"https:\/\/accountabilityambiente.comune.re.it\/?page_id=23\" class=\"more-link\">Continua la lettura di <span class=\"screen-reader-text\">Obiettivi<\/span> <span class=\"meta-nav\">&rarr;<\/span><\/a><\/p>\n","protected":false},"author":5,"featured_media":0,"parent":0,"menu_order":0,"comment_status":"closed","ping_status":"closed","template":"","meta":{"_monsterinsights_skip_tracking":false,"_monsterinsights_sitenote_active":false,"_monsterinsights_sitenote_note":"","_monsterinsights_sitenote_category":0,"footnotes":""},"class_list":["post-23","page","type-page","status-publish","hentry"],"_links":{"self":[{"href":"https:\/\/accountabilityambiente.comune.re.it\/index.php?rest_route=\/wp\/v2\/pages\/23","targetHints":{"allow":["GET"]}}],"collection":[{"href":"https:\/\/accountabilityambiente.comune.re.it\/index.php?rest_route=\/wp\/v2\/pages"}],"about":[{"href":"https:\/\/accountabilityambiente.comune.re.it\/index.php?rest_route=\/wp\/v2\/types\/page"}],"author":[{"embeddable":true,"href":"https:\/\/accountabilityambiente.comune.re.it\/index.php?rest_route=\/wp\/v2\/users\/5"}],"replies":[{"embeddable":true,"href":"https:\/\/accountabilityambiente.comune.re.it\/index.php?rest_route=%2Fwp%2Fv2%2Fcomments&post=23"}],"version-history":[{"count":2,"href":"https:\/\/accountabilityambiente.comune.re.it\/index.php?rest_route=\/wp\/v2\/pages\/23\/revisions"}],"predecessor-version":[{"id":1229,"href":"https:\/\/accountabilityambiente.comune.re.it\/index.php?rest_route=\/wp\/v2\/pages\/23\/revisions\/1229"}],"wp:attachment":[{"href":"https:\/\/accountabilityambiente.comune.re.it\/index.php?rest_route=%2Fwp%2Fv2%2Fmedia&parent=23"}],"curies":[{"name":"wp","href":"https:\/\/api.w.org\/{rel}","templated":true}]}}

<h2><span style="color: #000080;">Obiettivi</span></h2>
<h6><span style="color: #ffffff;">&#8211;</span></h6>
<p>Obiettivi del Gruppo di Lavoro per la Contabilità Ambientale:</p>
<ul>
<li>Sviluppare buone pratiche italiane in coerenza e a supporto delle politiche europee e internazionali in tema di accountability e contabilità ambientale negli EELL</li>
<li>Creare una rete per lo scambio di conoscenze sull’accountability e sulla contabilità ambientale.</li>
<li>Mettere in rete gli EELL al fine di allinearsi e integrarsi con le esperienze più avanzate a livello internazionale e nazionale, sia a livello tecnico scientifico che applicativo</li>
<li>Estendere le esperienze volontarie di rendicontazione e di contabilità ambientale degli EELL italiani e consolidare le esperienze negli enti locali che hanno già realizzato Bilancio Ambientali o più in generale sistemi di accountability ambientale, favorendo la adozione di normative nazionali e regionali;</li>
<li>Aggiornare gli schemi di contabilizzazione e rendicontazione alla luce dell’esperienze operative realizzate ed sulla base della necessità di rendicontazione di aspetti di particolare rilevanza nelle politiche europee e nazionali (es. Kyoto, Patto dei Sindaci , GPP, rifiuti , comunicazione risparmio risorse, ecc.)</li>
</ul>

<p>Obiettivi &#8211; Obiettivi del Gruppo di Lavoro per la Contabilità Ambientale: Sviluppare buone pratiche italiane in coerenza e a supporto delle politiche europee e internazionali in tema di accountability e contabilità ambientale negli EELL Creare una rete per lo scambio di conoscenze sull’accountability e sulla contabilità ambientale. Mettere in rete gli EELL al fine di &hellip; <a href="https://accountabilityambiente.comune.re.it/?page_id=23" class="more-link">Continua la lettura di <span class="screen-reader-text">Obiettivi</span> <span class="meta-nav">&rarr;</span></a></p>
