{"id":41,"date":"2011-12-16T15:21:19","date_gmt":"2011-12-16T15:21:19","guid":{"rendered":"http:\/\/localhost\/wordpress\/?page_id=41"},"modified":"2012-05-23T14:47:10","modified_gmt":"2012-05-23T14:47:10","slug":"attivita","status":"publish","type":"page","link":"https:\/\/accountabilityambiente.comune.re.it\/?page_id=41","title":{"rendered":"Attivit\u00e0"},"content":{"rendered":"<h2><span style=\"color: #000080;\">Attivit\u00e0<\/span><\/h2>\n<h6><span style=\"color: #ffffff;\">&#8211;<\/span><\/h6>\n<p>Il Gruppo di Lavoro svolge sistematicamente varie attivit\u00e0 :<\/p>\n<ul>\n<li>organizza workshop e incontri interni di confronto e aggiornamento;<\/li>\n<li>svolge attivit\u00e0 di comunicazione per diffusione della contabilit\u00e0 ambientale attraverso la redazione di un apposita Newsletter tematica, il Sito web, l\u2019organizzazione Seminari-Convegni;<\/li>\n<li>organizza ogni anno un corso di formazione per tecnici;<\/li>\n<li>fornisce contributi alla definizione del progetti di legge e linee guida;<\/li>\n<li>partecipa a seminari &#8211; convegni portando l&#8217;esperienza del GdL e dei partner<\/li>\n<li>fornisce supporto tecnico -metodologico ad altri enti locali che vogliono avviare esperienze di contabilit\u00e0 ambientale<\/li>\n<li>formula proposte tecniche e metodologiche<\/li>\n<\/ul>\n<p>Attivit\u00e0 programmate per il 2012<\/p>\n<ul>\n<li>Corso di formazione per tecnici\u00a0 (modulo 1 contabilit\u00e0 ambientale)<\/li>\n<li>Attivit\u00e0 volta a proporre un nuovo progetto di legge<\/li>\n<li>Pubblicazione del nuovo sito web specifico<\/li>\n<li>Pubblicazione, presentazione e diffusione del documento \u201cAccountability del clima: il monitoraggio e rendicontazione del SEAP e l\u2019allineamento con il Bilancio Ambientale\u201d<\/li>\n<li>Workshop confronto tra gli enti che stanno impostando il monitoraggio del SEAP e\/o hanno il Bilancio Ambientale ed Enti che hanno il Bilancio Ambientale e devono impostare il sistema di monitoraggio del SEAP, anche coinvolgendo enti aderenti al Coordinamento.<\/li>\n<li>Workshop interni: social network, blog, bilancio ambientale digitale<\/li>\n<li>Corso di formazione o giornate formative<\/li>\n<li>\u00a0Seminario annuale del GdL<\/li>\n<\/ul>\n<p>Sintesi\u00a0 delle principali attivit\u00e0 del Gruppo di Lavoro dal 2007 al 2011:<\/p>\n<p>Attivit\u00e0 svolte nel 2011:<\/p>\n<ul>\n<li>Organizzazione Corso di formazione per tecnici \u201cFare i conti con l\u2019ambiente\u201d<\/li>\n<li>Progettazione di nuovo sito web<\/li>\n<li>Predisposizione bozza di un documento di posizionamento del GdL volta a formulare una ipotesi di integrazione tra il Bilancio Ambientale e Bilancio del Clima (in collaborazione con GdL Ag 21 per Kyoto<\/li>\n<li>Organizzazione del Seminario di Ravenna \u201cFacciamo i conti con l\u2019ambiente\u201d:\u00a0 Workshop: Il Bilancio ambientale: 10 anni di esperienze degli EELL;\u00a0 Tavola rotonda: Beni comuni, servizi ai cittadini, trasparenza: il ruolo del Bilancio Ambientale<\/li>\n<\/ul>\n<p>L&#8217;attivit\u00e0 nel 2010:<\/p>\n<ul>\n<li>Redazione di una Brochure divulgativa di presentazione del gdL contenente anche i requisiti della contabilit\u00e0 ambientale di un ente locale ( vedi documenti correlati)<\/li>\n<li>Realizzazione di un&#8217; indagine on-line sulla contabilit\u00e0 ambientale degli enti locali italiani e pubblicazione report (vedi documenti collelati)<\/li>\n<li>Corso di formazione 2010 in collaborazione con il Gdl Ag 21 per Kyoto<\/li>\n<li>Collaborazioni con GdL GPP e Ag 21 per Kyoto volta a formulare proposte tecniche e metodologiche per l\u2019integrazione con le politiche per il clima e gli acquisti verdi pubblici nei Bilanci Ambientali<\/li>\n<\/ul>\n<p>L&#8217;attivit\u00e0 nel 2009:<\/p>\n<ul>\n<li>Seminario annuale del Gruppo di lavoro in cui sono stati tra l&#8217;altro portate le conclusione della sperimentazione degli indicatori di eco-efficienza<\/li>\n<li>Corso di formazione per tecnici<\/li>\n<li>II vista delle elezioni amministrative in molti enti locali \u00e8 stato rivolto un appello ai partiti a livello locale affinch\u00e9 inseriscano nei propri programmi elettorali<\/li>\n<li>Il Gdl ha partecipato alla Conferenza Nazionale delle Agenzie Ambientali portando un contributo alla presentazione delle linee guida APAT.<\/li>\n<\/ul>\n<p>L&#8217;attivit\u00e0 nel 2008:<\/p>\n<ul>\n<li>Attivati tre sottogruppi di lavoro tematici :comunicazione\/divulgazione della Contabilit\u00e0 Ambientale; indicatori fisici e conti monetari; integrazione Acquisti Verdi &#8211; Contabilit\u00e0 Ambientale<\/li>\n<li>Organizzato corso di formazione per tecnici a cui hanno partecipato 32 iscritti<\/li>\n<li>Avvio di un percorso di sperimentazione tecnica degli indicatori di eco-efficienza per l\u2019individuazione di indicatori da inserire nei Bilanci ambientali<\/li>\n<li>Inviato in concomitanza con le elezioni politiche un appello ai deputati e senatori per una legge sulla contabilit\u00e0 ambientale<\/li>\n<li>Partecipazione al tavolo tecnico di ISPRA per la definizione delle nuove linee guida sulla contabilit\u00e0 ambientale degli Enti Locali e contributo alle stesse<\/li>\n<\/ul>\n<p>L&#8217;attivit\u00e0 nel 2007:<\/p>\n<ul>\n<li>Incontri di confronto e discussione su vari temi legati soprattutto alla proposta di disegno di legge delega sulla contabilit\u00e0 ambientale nonch\u00e9 sulle metodologie di elaborazione dei conti monetari, avviando su tale argomento un confronto con ISTAT e una riflessione a 360\u00b0 sul loro significato e sulla eventuale necessit\u00e0 di revisione della metodologia di elaborazione dei conti monetari.<\/li>\n<li>Convegno annuale del Gruppo durante il quale sono state presentate le prime riflessioni sulle sperimentazioni svolte nel 2007 sui conti monetari ed avviare una riflessione sull\u2019utilit\u00e0 dei Bilanci ambientali dal punto di vista degli amministratori e dei cittadini quale strumento di buon governo e rendicontazione.<\/li>\n<\/ul>\n","protected":false},"excerpt":{"rendered":"<p>Attivit\u00e0 &#8211; Il Gruppo di Lavoro svolge sistematicamente varie attivit\u00e0 : organizza workshop e incontri interni di confronto e aggiornamento; svolge attivit\u00e0 di comunicazione per diffusione della contabilit\u00e0 ambientale attraverso la redazione di un apposita Newsletter tematica, il Sito web, l\u2019organizzazione Seminari-Convegni; organizza ogni anno un corso di formazione per tecnici; fornisce contributi alla definizione &hellip; <a href=\"https:\/\/accountabilityambiente.comune.re.it\/?page_id=41\" class=\"more-link\">Continua la lettura di <span class=\"screen-reader-text\">Attivit\u00e0<\/span> <span class=\"meta-nav\">&rarr;<\/span><\/a><\/p>\n","protected":false},"author":5,"featured_media":0,"parent":0,"menu_order":1,"comment_status":"closed","ping_status":"closed","template":"","meta":{"_monsterinsights_skip_tracking":false,"_monsterinsights_sitenote_active":false,"_monsterinsights_sitenote_note":"","_monsterinsights_sitenote_category":0,"footnotes":""},"class_list":["post-41","page","type-page","status-publish","hentry"],"_links":{"self":[{"href":"https:\/\/accountabilityambiente.comune.re.it\/index.php?rest_route=\/wp\/v2\/pages\/41","targetHints":{"allow":["GET"]}}],"collection":[{"href":"https:\/\/accountabilityambiente.comune.re.it\/index.php?rest_route=\/wp\/v2\/pages"}],"about":[{"href":"https:\/\/accountabilityambiente.comune.re.it\/index.php?rest_route=\/wp\/v2\/types\/page"}],"author":[{"embeddable":true,"href":"https:\/\/accountabilityambiente.comune.re.it\/index.php?rest_route=\/wp\/v2\/users\/5"}],"replies":[{"embeddable":true,"href":"https:\/\/accountabilityambiente.comune.re.it\/index.php?rest_route=%2Fwp%2Fv2%2Fcomments&post=41"}],"version-history":[{"count":3,"href":"https:\/\/accountabilityambiente.comune.re.it\/index.php?rest_route=\/wp\/v2\/pages\/41\/revisions"}],"predecessor-version":[{"id":1243,"href":"https:\/\/accountabilityambiente.comune.re.it\/index.php?rest_route=\/wp\/v2\/pages\/41\/revisions\/1243"}],"wp:attachment":[{"href":"https:\/\/accountabilityambiente.comune.re.it\/index.php?rest_route=%2Fwp%2Fv2%2Fmedia&parent=41"}],"curies":[{"name":"wp","href":"https:\/\/api.w.org\/{rel}","templated":true}]}}

Attività

<h2><span style="color: #000080;">Attività</span></h2>
<h6><span style="color: #ffffff;">&#8211;</span></h6>
<p>Il Gruppo di Lavoro svolge sistematicamente varie attività :</p>
<ul>
<li>organizza workshop e incontri interni di confronto e aggiornamento;</li>
<li>svolge attività di comunicazione per diffusione della contabilità ambientale attraverso la redazione di un apposita Newsletter tematica, il Sito web, l’organizzazione Seminari-Convegni;</li>
<li>organizza ogni anno un corso di formazione per tecnici;</li>
<li>fornisce contributi alla definizione del progetti di legge e linee guida;</li>
<li>partecipa a seminari &#8211; convegni portando l&#8217;esperienza del GdL e dei partner</li>
<li>fornisce supporto tecnico -metodologico ad altri enti locali che vogliono avviare esperienze di contabilità ambientale</li>
<li>formula proposte tecniche e metodologiche</li>
</ul>
<p>Attività programmate per il 2012</p>
<ul>
<li>Corso di formazione per tecnici  (modulo 1 contabilità ambientale)</li>
<li>Attività volta a proporre un nuovo progetto di legge</li>
<li>Pubblicazione del nuovo sito web specifico</li>
<li>Pubblicazione, presentazione e diffusione del documento “Accountability del clima: il monitoraggio e rendicontazione del SEAP e l’allineamento con il Bilancio Ambientale”</li>
<li>Workshop confronto tra gli enti che stanno impostando il monitoraggio del SEAP e/o hanno il Bilancio Ambientale ed Enti che hanno il Bilancio Ambientale e devono impostare il sistema di monitoraggio del SEAP, anche coinvolgendo enti aderenti al Coordinamento.</li>
<li>Workshop interni: social network, blog, bilancio ambientale digitale</li>
<li>Corso di formazione o giornate formative</li>
<li> Seminario annuale del GdL</li>
</ul>
<p>Sintesi  delle principali attività del Gruppo di Lavoro dal 2007 al 2011:</p>
<p>Attività svolte nel 2011:</p>
<ul>
<li>Organizzazione Corso di formazione per tecnici “Fare i conti con l’ambiente”</li>
<li>Progettazione di nuovo sito web</li>
<li>Predisposizione bozza di un documento di posizionamento del GdL volta a formulare una ipotesi di integrazione tra il Bilancio Ambientale e Bilancio del Clima (in collaborazione con GdL Ag 21 per Kyoto</li>
<li>Organizzazione del Seminario di Ravenna “Facciamo i conti con l’ambiente”:  Workshop: Il Bilancio ambientale: 10 anni di esperienze degli EELL;  Tavola rotonda: Beni comuni, servizi ai cittadini, trasparenza: il ruolo del Bilancio Ambientale</li>
</ul>
<p>L&#8217;attività nel 2010:</p>
<ul>
<li>Redazione di una Brochure divulgativa di presentazione del gdL contenente anche i requisiti della contabilità ambientale di un ente locale ( vedi documenti correlati)</li>
<li>Realizzazione di un&#8217; indagine on-line sulla contabilità ambientale degli enti locali italiani e pubblicazione report (vedi documenti collelati)</li>
<li>Corso di formazione 2010 in collaborazione con il Gdl Ag 21 per Kyoto</li>
<li>Collaborazioni con GdL GPP e Ag 21 per Kyoto volta a formulare proposte tecniche e metodologiche per l’integrazione con le politiche per il clima e gli acquisti verdi pubblici nei Bilanci Ambientali</li>
</ul>
<p>L&#8217;attività nel 2009:</p>
<ul>
<li>Seminario annuale del Gruppo di lavoro in cui sono stati tra l&#8217;altro portate le conclusione della sperimentazione degli indicatori di eco-efficienza</li>
<li>Corso di formazione per tecnici</li>
<li>II vista delle elezioni amministrative in molti enti locali è stato rivolto un appello ai partiti a livello locale affinché inseriscano nei propri programmi elettorali</li>
<li>Il Gdl ha partecipato alla Conferenza Nazionale delle Agenzie Ambientali portando un contributo alla presentazione delle linee guida APAT.</li>
</ul>
<p>L&#8217;attività nel 2008:</p>
<ul>
<li>Attivati tre sottogruppi di lavoro tematici :comunicazione/divulgazione della Contabilità Ambientale; indicatori fisici e conti monetari; integrazione Acquisti Verdi &#8211; Contabilità Ambientale</li>
<li>Organizzato corso di formazione per tecnici a cui hanno partecipato 32 iscritti</li>
<li>Avvio di un percorso di sperimentazione tecnica degli indicatori di eco-efficienza per l’individuazione di indicatori da inserire nei Bilanci ambientali</li>
<li>Inviato in concomitanza con le elezioni politiche un appello ai deputati e senatori per una legge sulla contabilità ambientale</li>
<li>Partecipazione al tavolo tecnico di ISPRA per la definizione delle nuove linee guida sulla contabilità ambientale degli Enti Locali e contributo alle stesse</li>
</ul>
<p>L&#8217;attività nel 2007:</p>
<ul>
<li>Incontri di confronto e discussione su vari temi legati soprattutto alla proposta di disegno di legge delega sulla contabilità ambientale nonché sulle metodologie di elaborazione dei conti monetari, avviando su tale argomento un confronto con ISTAT e una riflessione a 360° sul loro significato e sulla eventuale necessità di revisione della metodologia di elaborazione dei conti monetari.</li>
<li>Convegno annuale del Gruppo durante il quale sono state presentate le prime riflessioni sulle sperimentazioni svolte nel 2007 sui conti monetari ed avviare una riflessione sull’utilità dei Bilanci ambientali dal punto di vista degli amministratori e dei cittadini quale strumento di buon governo e rendicontazione.</li>
</ul>

<p>Attività &#8211; Il Gruppo di Lavoro svolge sistematicamente varie attività : organizza workshop e incontri interni di confronto e aggiornamento; svolge attività di comunicazione per diffusione della contabilità ambientale attraverso la redazione di un apposita Newsletter tematica, il Sito web, l’organizzazione Seminari-Convegni; organizza ogni anno un corso di formazione per tecnici; fornisce contributi alla definizione &hellip; <a href="https://accountabilityambiente.comune.re.it/?page_id=41" class="more-link">Continua la lettura di <span class="screen-reader-text">Attività</span> <span class="meta-nav">&rarr;</span></a></p>
