{"id":61,"date":"2011-12-16T17:30:16","date_gmt":"2011-12-16T17:30:16","guid":{"rendered":"http:\/\/localhost\/wordpress\/?page_id=61"},"modified":"2012-05-23T14:40:50","modified_gmt":"2012-05-23T14:40:50","slug":"iscrizione","status":"publish","type":"page","link":"https:\/\/accountabilityambiente.comune.re.it\/?page_id=61","title":{"rendered":"Iscrizione al Gruppo"},"content":{"rendered":"<h2><span style=\"color: #000080;\">Iscrizione al Gruppo<\/span><\/h2>\n<h6><span style=\"color: #ffffff;\">&#8211;<\/span><\/h6>\n<p>Come aderire al Gruppo\u00a0di lavoro\u00a0 \u201cFacciamo i conti con l\u2019ambiente\u201d.<\/p>\n<p>Poich\u00e9 le finalit\u00e0 del GdL sono quelle di avere un pi\u00f9 possibile ampio confronto sulle varie esperienze realizzate da enti locali italiani, dal 2008 per rafforzare ed ampliare la rete degli aderenti al Gruppo, l&#8217;adesione non ha carattere oneroso.<\/p>\n<p>Per aderire, \u00e8 sufficiente compilare il modulo di richiesta, scaricabile a fondo pagina,\u00a0ed inviarlo a:<\/p>\n<p><a href=\"mailto:susanna.ferrari@municipio.re.it\">susanna.ferrari@municipio.re.it<\/a><\/p>\n<p><a href=\"http:\/\/accountabilityambiente.comune.re.it\/wp-content\/uploads\/2012\/05\/Nuovo-modulo-di-iscrizione-Gruppo-.doc\">Nuovo modulo di iscrizione al gruppo<\/a><\/p>\n","protected":false},"excerpt":{"rendered":"<p>Iscrizione al Gruppo &#8211; Come aderire al Gruppo\u00a0di lavoro\u00a0 \u201cFacciamo i conti con l\u2019ambiente\u201d. Poich\u00e9 le finalit\u00e0 del GdL sono quelle di avere un pi\u00f9 possibile ampio confronto sulle varie esperienze realizzate da enti locali italiani, dal 2008 per rafforzare ed ampliare la rete degli aderenti al Gruppo, l&#8217;adesione non ha carattere oneroso. Per aderire, &hellip; <a href=\"https:\/\/accountabilityambiente.comune.re.it\/?page_id=61\" class=\"more-link\">Continua la lettura di <span class=\"screen-reader-text\">Iscrizione al Gruppo<\/span> <span class=\"meta-nav\">&rarr;<\/span><\/a><\/p>\n","protected":false},"author":5,"featured_media":0,"parent":0,"menu_order":0,"comment_status":"closed","ping_status":"closed","template":"","meta":{"_monsterinsights_skip_tracking":false,"_monsterinsights_sitenote_active":false,"_monsterinsights_sitenote_note":"","_monsterinsights_sitenote_category":0,"footnotes":""},"class_list":["post-61","page","type-page","status-publish","hentry"],"_links":{"self":[{"href":"https:\/\/accountabilityambiente.comune.re.it\/index.php?rest_route=\/wp\/v2\/pages\/61","targetHints":{"allow":["GET"]}}],"collection":[{"href":"https:\/\/accountabilityambiente.comune.re.it\/index.php?rest_route=\/wp\/v2\/pages"}],"about":[{"href":"https:\/\/accountabilityambiente.comune.re.it\/index.php?rest_route=\/wp\/v2\/types\/page"}],"author":[{"embeddable":true,"href":"https:\/\/accountabilityambiente.comune.re.it\/index.php?rest_route=\/wp\/v2\/users\/5"}],"replies":[{"embeddable":true,"href":"https:\/\/accountabilityambiente.comune.re.it\/index.php?rest_route=%2Fwp%2Fv2%2Fcomments&post=61"}],"version-history":[{"count":4,"href":"https:\/\/accountabilityambiente.comune.re.it\/index.php?rest_route=\/wp\/v2\/pages\/61\/revisions"}],"predecessor-version":[{"id":1231,"href":"https:\/\/accountabilityambiente.comune.re.it\/index.php?rest_route=\/wp\/v2\/pages\/61\/revisions\/1231"}],"wp:attachment":[{"href":"https:\/\/accountabilityambiente.comune.re.it\/index.php?rest_route=%2Fwp%2Fv2%2Fmedia&parent=61"}],"curies":[{"name":"wp","href":"https:\/\/api.w.org\/{rel}","templated":true}]}}

<h2><span style="color: #000080;">Iscrizione al Gruppo</span></h2>
<h6><span style="color: #ffffff;">&#8211;</span></h6>
<p>Come aderire al Gruppo di lavoro  “Facciamo i conti con l’ambiente”.</p>
<p>Poiché le finalità del GdL sono quelle di avere un più possibile ampio confronto sulle varie esperienze realizzate da enti locali italiani, dal 2008 per rafforzare ed ampliare la rete degli aderenti al Gruppo, l&#8217;adesione non ha carattere oneroso.</p>
<p>Per aderire, è sufficiente compilare il modulo di richiesta, scaricabile a fondo pagina, ed inviarlo a:</p>
<p><a href="mailto:susanna.ferrari@municipio.re.it">susanna.ferrari@municipio.re.it</a></p>
<p><a href="http://accountabilityambiente.comune.re.it/wp-content/uploads/2012/05/Nuovo-modulo-di-iscrizione-Gruppo-.doc">Nuovo modulo di iscrizione al gruppo</a></p>

<p>Iscrizione al Gruppo &#8211; Come aderire al Gruppo di lavoro  “Facciamo i conti con l’ambiente”. Poiché le finalità del GdL sono quelle di avere un più possibile ampio confronto sulle varie esperienze realizzate da enti locali italiani, dal 2008 per rafforzare ed ampliare la rete degli aderenti al Gruppo, l&#8217;adesione non ha carattere oneroso. Per aderire, &hellip; <a href="https://accountabilityambiente.comune.re.it/?page_id=61" class="more-link">Continua la lettura di <span class="screen-reader-text">Iscrizione al Gruppo</span> <span class="meta-nav">&rarr;</span></a></p>
